{"id":586,"date":"2012-06-16T08:14:01","date_gmt":"2012-06-16T08:14:01","guid":{"rendered":"http:\/\/franz-zehnbier.de\/?page_id=586"},"modified":"2013-02-02T16:39:47","modified_gmt":"2013-02-02T16:39:47","slug":"presszitrone","status":"publish","type":"page","link":"https:\/\/franz-zehnbier.de\/?page_id=586","title":{"rendered":"Presszitrone"},"content":{"rendered":"<p>Aktion gegen die GEMA Abzocke 01.02.2013<\/p>\n<p>Die Gedanken Sind Frei<\/p>\n<p><center><iframe loading=\"lazy\" width=\"560\" height=\"315\" src=\"http:\/\/www.youtube.com\/embed\/gCClZO7Y3QA\" frameborder=\"0\" allowfullscreen><\/iframe><\/center><\/p>\n<p>&nbsp;<\/p>\n<p>&nbsp;<\/p>\n<p>Die Gedanken Sind Frei<\/p>\n<p align=\"JUSTIFY\"><span style=\"color: #000000;\"><span style=\"font-family: Calibri;\"><span style=\"font-size: small;\">Gedanken zum Weltgeschehen von ThomThom<\/span><\/span><\/span><\/p>\n<p align=\"JUSTIFY\">Kommentar 03.10.2012<\/p>\n<h1>Ohne Meiler w\u00e4r geiler<\/h1>\n<p><a href=\"https:\/\/franz-zehnbier.de\/wp-content\/uploads\/2012\/06\/Ohne-Meiler.jpg\"><img loading=\"lazy\" decoding=\"async\" class=\"alignleft size-thumbnail wp-image-730\" title=\"Ohne Meiler\" alt=\"\" src=\"https:\/\/franz-zehnbier.de\/wp-content\/uploads\/2012\/06\/Ohne-Meiler-150x150.jpg\" width=\"150\" height=\"150\" srcset=\"https:\/\/franz-zehnbier.de\/wp-content\/uploads\/2012\/06\/Ohne-Meiler-150x150.jpg 150w, https:\/\/franz-zehnbier.de\/wp-content\/uploads\/2012\/06\/Ohne-Meiler-300x300.jpg 300w, https:\/\/franz-zehnbier.de\/wp-content\/uploads\/2012\/06\/Ohne-Meiler.jpg 800w\" sizes=\"auto, (max-width: 150px) 100vw, 150px\" \/><\/a>Nachdem die EU viele AKW-M\u00e4ngel gefunden hat, dr\u00e4ngen Kritiker auf einen schnelleren Ausstieg. Doch Umweltminister Altmaier will \u00e4ltere Reaktoren verschonen<\/p>\n<p><a name=\"hauptspalte1\"><\/a>Bundesumweltminister Peter Altmaier (CDU) will schrittweise auf die \u00dcberpr\u00fcfung der Atommeiler reagieren, die fast allen europ\u00e4ischen Kernkraftwerken Sicherheitsm\u00e4ngel bescheinigt. Mit dem EU-weiten Sicherheitscheck hatte EU-Energiekommissar G\u00fcnther Oettinger auf die Atomkatastrophe in Fukushima reagiert.<\/p>\n<p><a name=\"hauptspalte2\"><\/a>Der Bericht der EU-Kommission zum Abschluss des AKW-Stresstests, der am Mittwoch 03.10.2012\u00a0 in Br\u00fcssel diskutiert werden soll, stellt auch vielen deutschen Kernkraftwerken ein schlechtes Zeugnis aus. Besonders kritisiert werden von den EU-Kontrolleuren die Erdbebenwarnsysteme.<\/p>\n<p>Altmaier sagte im <em>Deutschlandfunk<\/em>, der Umfang der Nachr\u00fcstung sei abh\u00e4ngig von der Laufzeit der Reaktoren. In Deutschland sollen ab 2015 weitere Atomkraftwerke abgeschaltet werden. Acht sind bereits vom Netz, neun laufen noch. Es gebe aber beispielsweise Reaktoren in Frankreich, die \u201enoch unbegrenzt und sehr lange am Netz bleiben\u201c, sagte der Bundesumweltminister.<\/p>\n<p align=\"JUSTIFY\">[podcast]http:\/\/naitpage.de\/neu\/media\/2012-10-03_thomas_schenk_-_ohne_meiler_waer_geiler_akw_stresstest.mp3[\/podcast]<\/p>\n<p align=\"JUSTIFY\"><span style=\"color: #000000;\"><span style=\"font-family: Calibri;\"><span style=\"font-size: small;\">Kommentar 16.06.2012<br \/>\n<\/span><\/span><\/span><\/p>\n<blockquote>\n<p align=\"JUSTIFY\"><span style=\"color: #000000;\"><span style=\"font-family: Calibri;\"><span style=\"font-size: small;\">Die US-Ratingagentur Moody&#8217;s hat die Kreditw\u00fcrdigkeit von f\u00fcnf niederl\u00e4ndischen Banken herabgestuft. Die schwierigen Bedingungen f\u00fcr Kreditinstitute in dem Land d\u00fcrften im laufenden Jahr und dar\u00fcber hinaus anhalten, teilte Moody&#8217;s in einer Begr\u00fcndung mit. Demnach haben alle herabgestuften Banken umfangreiche Hypothekenbest\u00e4nde und sind stark darauf angewiesen, Gelder bei anderen Banken aufzubringen. Moody&#8217;s senkte die Kreditw\u00fcrdigkeit der Rabobank Nederland, der ING Bank und der ABN Amro. Auch die LeasePlan Corporation und SNS Bank wurden niedriger bewertet. Der Ausblick aller Kreditinstitute wurde mit stabil angegeben. <\/span><\/span><\/span><\/p>\n<p align=\"JUSTIFY\"><span style=\"color: #000000;\"><span style=\"font-family: Calibri;\"><span style=\"font-size: small;\">Quelle: <a title=\"Deutsche Welle\" href=\"http:\/\/dw-world.de\" target=\"_blank\">dw-world.de<\/a><\/span><\/span><\/span><\/p>\n<p align=\"JUSTIFY\"><iframe loading=\"lazy\" src=\"http:\/\/www.youtube.com\/embed\/tF0FUbtTsjQ\" height=\"315\" width=\"560\" frameborder=\"0\"><\/iframe><\/p>\n<\/blockquote>\n<p align=\"JUSTIFY\"><span style=\"color: #000000;\"><span style=\"font-family: Calibri;\"><span style=\"font-size: small;\">Der Neue Weltkrieg! In Zeiten Starker Finanzfluktuation und Hoher Inflation Denken viele K\u00f6pfe in den oberen 10000 \u00fcber einen Neuen Krieg nach. Nicht nur Syrien, Jemen, Israel u.s.w sind Kriegsschaupl\u00e4tze auch vor der eigen Haust\u00fcre sprechen die Waffen. Und zwar die Waffen des B\u00f6rsenparkett. Durch Vereinbarungen einiger L\u00e4nder wie \u201eEuro Rettungsschirm\u201c oder auch in gelehrten Kreisen scherzhaft als Seegenschirm bezeichnet und Milliarden Vereinbarungen wo die Politik mit Geldern um sich schneist, an deren Beschaffung noch Generationen besch\u00e4ftigt sein werden, die noch gar nicht Geboren sind. Stellt sich die Frage, hat die Menschheit nichts aus ihrer Vergangenheit gelernt? Wenn die wirklichen Verursacher dieser Misere, dann selber Bluten m\u00fcssen, wird der Druck auf das Jeweilige Land etwas an gehobenen. Die B\u00fcrger des Landes Durch Ratingagenturen dazu gezwungen ihr Schwer verdientes Geld f\u00f6rmlich zu verbrennen. Regierungen sind doch nur Marionetten der Finanzm\u00e4rkte. Um selber nicht gefressen zu werden werden die Arbeitnehmer des jeweiligen Landes ausgepresst wie eine Zitrone nach der Ernte.<\/span><\/span><\/span><\/p>\n<p align=\"JUSTIFY\"><span style=\"color: #000000;\"><span style=\"font-family: Calibri;\"><span style=\"font-size: small;\">Kreditversicherungen oder Steuern auf Spekulationsm\u00e4rkte ist ein hilfloser aufschreie der stetigen Inflation entgegen zu w\u00fcrgen. Die Geschichte Lernt uns je gr\u00f6\u00dfer der Einzugsbereich einer W\u00e4hrung ist, des to gef\u00e4hrlicher ist ein null Wachstum oder gar eine Deflation. Das Ergebnis solcher Ereignisse war in Jeden Fall Not, Krieg, Machtk\u00e4mpfe und nicht zu vergessen die Neuverteilung des Eigentum. Die Geschichte Lehrt uns auch das 90% aller Kriege es auf Rohstoffe wie \u00d6l, Eisen, Gold eca. Absehen. Die n\u00e4chsten Verehrenden kriege werden Sich um Wasser Luft und die Chance zu \u00fcberleben drehen. Weil der Mensch immer mehr zur Zerst\u00f6rung der eigenen Lebensgrundlage beitr\u00e4gt. Und die ewig gestrichen immer wider nur auf Eigenkapital und Dicken Profit streben, anstatt alles daran zu setzen die Zerst\u00f6rung der Erde zu verhindern. <\/span><\/span><\/span><\/p>\n<p align=\"JUSTIFY\"><span style=\"color: #000000;\"><span style=\"font-family: Calibri;\"><span style=\"font-size: small;\">Thomas Schenk 16.06.2012<\/span><\/span><\/span><\/p>\n","protected":false},"excerpt":{"rendered":"<p>Aktion gegen die GEMA Abzocke 01.02.2013 Die Gedanken Sind Frei &nbsp; &nbsp; Die Gedanken Sind Frei Gedanken zum Weltgeschehen von ThomThom Kommentar 03.10.2012 Ohne Meiler w\u00e4r geiler Nachdem die EU viele AKW-M\u00e4ngel gefunden hat, dr\u00e4ngen Kritiker auf einen schnelleren Ausstieg. &hellip; <a href=\"https:\/\/franz-zehnbier.de\/?page_id=586\">Weiterlesen <span class=\"meta-nav\">&rarr;<\/span><\/a><\/p>\n","protected":false},"author":1,"featured_media":0,"parent":0,"menu_order":7,"comment_status":"open","ping_status":"open","template":"","meta":{"footnotes":""},"class_list":["post-586","page","type-page","status-publish","hentry"],"_links":{"self":[{"href":"https:\/\/franz-zehnbier.de\/index.php?rest_route=\/wp\/v2\/pages\/586","targetHints":{"allow":["GET"]}}],"collection":[{"href":"https:\/\/franz-zehnbier.de\/index.php?rest_route=\/wp\/v2\/pages"}],"about":[{"href":"https:\/\/franz-zehnbier.de\/index.php?rest_route=\/wp\/v2\/types\/page"}],"author":[{"embeddable":true,"href":"https:\/\/franz-zehnbier.de\/index.php?rest_route=\/wp\/v2\/users\/1"}],"replies":[{"embeddable":true,"href":"https:\/\/franz-zehnbier.de\/index.php?rest_route=%2Fwp%2Fv2%2Fcomments&post=586"}],"version-history":[{"count":12,"href":"https:\/\/franz-zehnbier.de\/index.php?rest_route=\/wp\/v2\/pages\/586\/revisions"}],"predecessor-version":[{"id":588,"href":"https:\/\/franz-zehnbier.de\/index.php?rest_route=\/wp\/v2\/pages\/586\/revisions\/588"}],"wp:attachment":[{"href":"https:\/\/franz-zehnbier.de\/index.php?rest_route=%2Fwp%2Fv2%2Fmedia&parent=586"}],"curies":[{"name":"wp","href":"https:\/\/api.w.org\/{rel}","templated":true}]}}