{"id":407,"date":"2011-10-30T11:00:24","date_gmt":"2011-10-30T11:00:24","guid":{"rendered":"http:\/\/www.skulpturen-holz.de\/franz-zehnbier\/?page_id=407"},"modified":"2015-02-06T21:27:45","modified_gmt":"2015-02-06T21:27:45","slug":"online-schock","status":"publish","type":"page","link":"https:\/\/franz-zehnbier.de\/?page_id=407","title":{"rendered":"online &#8211; Schock"},"content":{"rendered":"<p><span style=\"font-family: Verdana, sans-serif;\"><span style=\"text-decoration: underline;\">AGB<br \/>\nGedankenraub<\/span><\/span><span style=\"font-family: Verdana, sans-serif;\"> (Podcast)<br \/>\n<span class=\"Apple-style-span\" style=\"line-height: 19px; font-size: small;\"><br \/>\n<a href=\"http:\/\/www.skulpturen-holz.de\/franz-zehnbier\/wp-content\/uploads\/2011\/10\/100_1375.jpg\"><img loading=\"lazy\" decoding=\"async\" class=\"alignleft wp-image-429 size-thumbnail\" title=\"Parkbank 02\" src=\"https:\/\/franz-zehnbier.de\/wp-content\/uploads\/2011\/10\/100_1375-150x150.jpg\" alt=\"\" width=\"150\" height=\"150\" \/><\/a>Alle auch die externen Download \/ Podcast Angebote sind Urheberrechtlich gesch\u00fctzt. \u00a0<\/span><\/span><span class=\"Apple-style-span\" style=\"line-height: 19px; font-size: small;\">Die\u00a0<\/span><span class=\"Apple-style-span\" style=\"line-height: 19px; font-size: small;\">Vervielf\u00e4ltigung, Bearbeitung, Verbreitung und jede Art der Verwertung au\u00dferhalb der Grenzen des Urheberrechtes bed\u00fcrfen der schriftlichen Zustimmung des jeweiligen Autors bzw. Erstellers. Downloads\u00a0<\/span><span class=\"Apple-style-span\" style=\"line-height: 19px; font-size: small;\">und Kopien dieser Seite sind nur f\u00fcr den privaten, nicht kommerziellen\u00a0<\/span><span class=\"Apple-style-span\" style=\"line-height: 19px; font-size: small;\">Gebrauch gestattet. Soweit die Inhalte auf dieser Seite nicht vom Betreiber erstellt wurden, werden die Urheberrechte Dritter beachtet. Insbesondere werden Inhalte Dritter als solche gekennzeichnet. (Guttenplag Klausel)<\/span><\/p>\n<p><span style=\"color: #333333;\"><span style=\"font-family: Verdana, sans-serif;\"><span style=\"font-size: small;\"><span style=\"text-decoration: underline;\">Gedankenschutz<\/span><\/span><\/span><\/span><\/p>\n<p><a href=\"http:\/\/www.skulpturen-holz.de\/franz-zehnbier\/wp-content\/uploads\/2011\/10\/100_1391.jpg\"><img loading=\"lazy\" decoding=\"async\" class=\"alignleft wp-image-430 size-thumbnail\" title=\"Parkbank 03\" src=\"https:\/\/franz-zehnbier.de\/wp-content\/uploads\/2011\/10\/100_1391-150x150.jpg\" alt=\"\" width=\"150\" height=\"150\" \/><\/a>Laut \u00a7 1 des Bundesgedankenschutzgesetzes (BGSG) m\u00fcssen wir sie darauf hinweisen, dass die Angebote aus unserem online \u2013 Schock ihre Gedankenlosigkeit gef\u00e4hrden k\u00f6nnen. Zu ihrem Schutz stellen wir ihnen kostenlos ein von der Naitpage Media speziell entwickeltes \u201eBrain Security Tool\u201c<br \/>\nals Download zur Verf\u00fcgung.<\/p>\n<p><strong>\u00a0*Brain Security Tool &#8211; Fehlermeldung \u00a0 \u00a0 \u00a0 \u00a0 \u00a0 \u00a0\u00a0<\/strong>*\u00a0<strong>Sie sind online:<\/strong><br \/>\n<a href=\"http:\/\/www.anonym-surfen.com\/eigene-ip-adresse-anzeigen\/\" target=\"_blank\"><img loading=\"lazy\" decoding=\"async\" class=\"alignright\" style=\"width: 250px; height: 50px; border: 0;\" src=\"http:\/\/www.anonym-surfen.com\/ip-adresse.png?full=1&amp;color=000000&amp;width=250\" alt=\"Meine IP Adresse\" width=\"351\" height=\"79\" \/><\/a><\/p>\n<p><strong>\u00a0<\/strong><\/p>\n<p style=\"text-align: center;\"><span style=\"color: #333333;\"><span style=\"font-family: Verdana, sans-serif;\"><span style=\"font-size: small;\"><strong> Sorry, dass h\u00e4tte nicht passieren d\u00fcrfen!<\/strong><br \/>\n<strong>Leider ist die Verwendung dieses Tool in der Kombination von ihrer IP Adresse, ihrem Betriebssystem und den von ihnen verwendeten Browser nicht m\u00f6glich.<\/strong><br \/>\n<strong> Bitte wiederholen sie den Vorgang zu einem sp\u00e4teren Zeitpunkt.<\/strong><\/span><\/span><\/span><\/p>\n<p><span style=\"color: #333333;\"><span style=\"font-family: Verdana, sans-serif;\"><span style=\"font-size: small;\"><span style=\"text-decoration: underline;\">Verstandkosten<\/span><\/span><\/span><\/span><\/p>\n<p><a href=\"http:\/\/www.skulpturen-holz.de\/franz-zehnbier\/wp-content\/uploads\/2011\/10\/100_1382.jpg\"><img loading=\"lazy\" decoding=\"async\" class=\"alignleft wp-image-428 size-thumbnail\" title=\"Parkbank 01\" src=\"https:\/\/franz-zehnbier.de\/wp-content\/uploads\/2011\/10\/100_1382-150x150.jpg\" alt=\"\" width=\"150\" height=\"150\" \/><\/a>Das dieses Angebot ihren Verstand kosten kann ist beabsichtigt!<br \/>\nDie H\u00f6he der anfallenden Verstandkosten ist individuell und von verschiedenen Faktoren abh\u00e4ngig zum Beispiel: Jahrgang, Software, Betriebssystem, Browser usw. auf die wir keinen Einfluss haben.<br \/>\nDie anfallenden Verstandkosten m\u00fcssen von den Nutzern der Angebote des online \u2013 Schock getragen werden! Eine Erstattung ist nicht m\u00f6glich!<\/p>\n<p><span style=\"color: #333333;\"><span style=\"font-family: Verdana, sans-serif;\"><span style=\"font-size: small;\"><span style=\"text-decoration: underline;\">Wiederkaurecht<\/span><\/span><\/span><\/span><\/p>\n<p>Das Wiederkaurecht gilt f\u00fcr alle Inhalte, ohne Angabe von Gr\u00fcnden.<\/p>\n<p><span style=\"color: #333333;\"><span style=\"font-family: Verdana, sans-serif;\"><span style=\"font-size: small;\"><span style=\"text-decoration: underline;\">R\u00fcckmeldungen<\/span><\/span><\/span><\/span><\/p>\n<p><a href=\"http:\/\/www.skulpturen-holz.de\/franz-zehnbier\/wp-content\/uploads\/2011\/10\/100_1392.jpg\"><img loading=\"lazy\" decoding=\"async\" class=\"alignleft wp-image-432 size-thumbnail\" title=\"Parkbank 05\" src=\"https:\/\/franz-zehnbier.de\/wp-content\/uploads\/2011\/10\/100_1392-150x150.jpg\" alt=\"\" width=\"150\" height=\"150\" \/><\/a>Kommentare zu dem Angeboten in unserem online \u2013 Schock sind w\u00fcnschenswert. Bitte beachten sie dabei, dass diese den Erstellern der Beitr\u00e4ge bei Laune halten und zu neuen Angeboten im online \u2013 Schock motivieren und inspirieren. Vielen Dank!<\/p>\n<p>&nbsp;<\/p>\n<p><strong><a href=\"http:\/\/www.skulpturen-holz.de\/franz-zehnbier\/wp-content\/uploads\/2011\/10\/100_1401.jpg\"><img loading=\"lazy\" decoding=\"async\" class=\"alignleft wp-image-433 size-thumbnail\" title=\"Parkbank 06\" src=\"https:\/\/franz-zehnbier.de\/wp-content\/uploads\/2011\/10\/100_1401-150x150.jpg\" alt=\"\" width=\"150\" height=\"150\" \/><\/a>Datenschmutzbestimmungen<\/strong><\/p>\n<p>&nbsp;<\/p>\n<p><strong>Bitte denken sie an ihre Umwelt und vermeiden Datenschmutz!\u00a0<\/strong><\/p>\n<p style=\"text-align: center;\"><em>[slideshow_deploy id=&#8217;772&#8242;]<\/em><\/p>\n<p style=\"text-align: center;\"><span style=\"font-size: x-small;\"><span class=\"Apple-style-span\" style=\"line-height: 19px;\"><br \/>\n<\/span><\/span><\/p>\n<p>&nbsp;<\/p>\n","protected":false},"excerpt":{"rendered":"<p>AGB Gedankenraub (Podcast) Alle auch die externen Download \/ Podcast Angebote sind Urheberrechtlich gesch\u00fctzt. \u00a0Die\u00a0Vervielf\u00e4ltigung, Bearbeitung, Verbreitung und jede Art der Verwertung au\u00dferhalb der Grenzen des Urheberrechtes bed\u00fcrfen der schriftlichen Zustimmung des jeweiligen Autors bzw. Erstellers. Downloads\u00a0und Kopien dieser Seite &hellip; <a href=\"https:\/\/franz-zehnbier.de\/?page_id=407\">Weiterlesen <span class=\"meta-nav\">&rarr;<\/span><\/a><\/p>\n","protected":false},"author":1,"featured_media":0,"parent":0,"menu_order":8,"comment_status":"open","ping_status":"open","template":"","meta":{"footnotes":""},"class_list":["post-407","page","type-page","status-publish","hentry"],"_links":{"self":[{"href":"https:\/\/franz-zehnbier.de\/index.php?rest_route=\/wp\/v2\/pages\/407","targetHints":{"allow":["GET"]}}],"collection":[{"href":"https:\/\/franz-zehnbier.de\/index.php?rest_route=\/wp\/v2\/pages"}],"about":[{"href":"https:\/\/franz-zehnbier.de\/index.php?rest_route=\/wp\/v2\/types\/page"}],"author":[{"embeddable":true,"href":"https:\/\/franz-zehnbier.de\/index.php?rest_route=\/wp\/v2\/users\/1"}],"replies":[{"embeddable":true,"href":"https:\/\/franz-zehnbier.de\/index.php?rest_route=%2Fwp%2Fv2%2Fcomments&post=407"}],"version-history":[{"count":19,"href":"https:\/\/franz-zehnbier.de\/index.php?rest_route=\/wp\/v2\/pages\/407\/revisions"}],"predecessor-version":[{"id":1181,"href":"https:\/\/franz-zehnbier.de\/index.php?rest_route=\/wp\/v2\/pages\/407\/revisions\/1181"}],"wp:attachment":[{"href":"https:\/\/franz-zehnbier.de\/index.php?rest_route=%2Fwp%2Fv2%2Fmedia&parent=407"}],"curies":[{"name":"wp","href":"https:\/\/api.w.org\/{rel}","templated":true}]}}